13
Let v(y) = y**2 - 13*y - 124. List the prime factors of v(-20).
2, 67
Suppose 5*a - 133 + 23 = 0. Let t = 46 - a. What are the prime factors of t?
2, 3
Let k(q) = -2*q + 14. Let a be k(5). Suppose a*n - g = 4*g + 15, g - 6 = -n. What are the prime factors of n?
5
What are the prime factors of (-112)/168*3954/(-4)?
659
Let h(j) = 22*j**2 + 6*j - 6. Let x be h(4). Suppose -437 = -3*u - 5*k + x, -k = -5*u + 1373. List the prime factors of u.
2, 137
Suppose 15*a + 24370 = 25*a. List the prime factors of a.
2437
List the prime factors of 168/(-1260) - (-106954)/30.
5, 23, 31
Let c be 50/(-175) + 86/7. Suppose 225 = -4*m - 87. List the prime factors of (c/(-8))/(9/m).
13
Let n(r) = -5*r**2 + 6*r - 6. Let g(u) = -6*u**2 + 7*u - 7. Let s(t) = 4*g(t) - 5*n(t). Let b be s(1). What are the prime factors of -2 + (-1 - -16*b)?
13
Let d(i) = -45*i - 39. List the prime factors of d(-3).
2, 3
Suppose -5*l - 5*b = -785, -5*l + 2*l = -2*b - 446. Suppose l = 2*o + 4*w, -o - 3*w + 222 = 2*o. What are the prime factors of o?
2, 3
Suppose 7*o = 12*o - 1455. Let h = o + -170. What are the prime factors of h?
11
Suppose -2*v + 2*n - 87 = -29, 5*v = 2*n - 145. Suppose -2*t + 58 = -3*t. Let p = v - t. List the prime factors of p.
29
Let a = -9 - -3. Let q = 52 - a. What are the prime factors of q?
2, 29
Suppose -3*f + 2*t + 857 = 0, -2*f + 0*f = t - 562. Let y = 537 - f. List the prime factors of y.
2, 127
Let a = -138 - -308. Suppose 0 = -10*x + 8*x + a. List the prime factors of x.
5, 17
Let w = 2367 - 1175. List the prime factors of w.
2, 149
Let d(h) = 88*h + 17. What are the prime factors of d(4)?
3, 41
What are the prime factors of 9/((-3)/(-1)) + (-3 - -221)?
13, 17
Suppose 5*n + 4*p = -21, -6*p = n - p + 21. Let g(q) = q - 1. Let z(u) = 4. Let a(x) = n*z(x) - 3*g(x). List the prime factors of a(-14).
41
Let f be (-1)/(-1) + (-6)/(-2). Let m be 164/52 + f/(-26). Suppose 2*a = m*g - 3*a - 62, 0 = -4*g - 4*a + 104. List the prime factors of g.
2, 3
Let v = 10128 - 7186. List the prime factors of v.
2, 1471
Let b = -440 + 2767. List the prime factors of b.
13, 179
Let j = 15 - 11. Let o(h) = h + 3*h - 5 - j. List the prime factors of o(4).
7
Let a = -50 + 26. List the prime factors of a/5*(-1210)/44.
2, 3, 11
Suppose 2*c - 1427 = 3*a, 6*a + 3550 = 5*c + 2*a. List the prime factors of c.
2, 353
Let f(u) = u**2 + 6*u - 13. Let l be f(7). Suppose -3*o - l = -414. What are the prime factors of o?
2, 7
Suppose 7*w - 2*w = 115. Let g = w + -22. List the prime factors of g/2*(-462)/(-7).
3, 11
Suppose -44488 = 27*j - 140095. What are the prime factors of j?
3541
Let n be (-6)/(-1 - (4 - 6)). List the prime factors of (n/(-9))/((-1)/(-87)).
2, 29
Suppose -c + w - 6 = 0, 4*w - 6 = -0*c + c. Let t(l) = -48*l - 4. What are the prime factors of t(c)?
2, 71
Let c be ((-2)/3 - 0) + (-140)/(-84). What are the prime factors of (c + 4)*5*(-1236)/(-150)?
2, 103
Suppose 4*r - 3*x = -0*x + 1276, 3*r - 3*x = 960. List the prime factors of r.
2, 79
Suppose 102 = 4*k - 54. Let l = -27 + k. List the prime factors of l.
2, 3
Let b = -933 - -1043. What are the prime factors of b?
2, 5, 11
Let i be 3/2*16/(-12). Suppose 5*c - 4*u = -0*u - 53, 2*c + 3*u + 12 = 0. Let p = i - c. What are the prime factors of p?
7
Let f(w) = w**2 - 5*w - 6. Let x = -31 + 39. List the prime factors of f(x).
2, 3
Let i(p) = p**3 + 5*p**2 + 2*p - 2. Let r be i(-2). Let n be r/21 + 47/7. Suppose 0 = 3*s - n*s + 56. List the prime factors of s.
2, 7
Let x be 16/(-4)*(1 + -3). Suppose 5*f - 5*a = 125, 7*a + x = 5*a. Suppose f + 31 = 3*g + o, 4*o + 39 = g. What are the prime factors of g?
19
Let i(d) = -5*d**3 - 10*d**3 - 7*d + 10*d**2 - 3 - 2 + 16*d**3. Let n be i(-10). Suppose -4*q = q - n. What are the prime factors of q?
13
Let v(o) = -o**2 - 6*o + 6. Let c(y) = -y + 1. Let s be c(4). Let w(d) = -d**2 - 2*d - 2. Let n be w(s). What are the prime factors of v(n)?
11
Let f(k) = k + 1. Let r be f(6). Let j = r - 7. Suppose j = 8*s - 4*s + 2*h - 178, -3*s + 3*h + 138 = 0. What are the prime factors of s?
3, 5
Let i be 28 - ((-2)/(-7))/((-7)/(-49)). Suppose 0 = 30*a - i*a - 208. What are the prime factors of a?
2, 13
Suppose 3*u - 95 = -407. Let y = u - -253. What are the prime factors of y?
149
Suppose -g - 2*a + 3 = -3, 3*g + a - 8 = 0. Suppose 2*l - 6*l + 666 = -g*i, l - 179 = 3*i. List the prime factors of l.
2, 41
Let j = 70 - -60. Let a = -44 + j. What are the prime factors of a?
2, 43
Suppose c - 4*c - 880 = -z, 3*z - 4*c = 2665. What are the prime factors of z?
5, 179
Let x(g) = g**2 - 2*g + 3. Let u be x(5). Let a = u + -18. Suppose a = -0*f - 2*f - 2*w + 76, -2*w - 6 = 0. List the prime factors of f.
41
Let a = 3565 - 1743. What are the prime factors of a?
2, 911
Let k be (-643)/3 - (-5)/15. Let j be (-14)/49 - k/14. Suppose j = 4*t - 5. What are the prime factors of t?
5
Let a(h) be the first derivative of h**4/4 + 2*h**3/3 - 5*h**2/2 - 24*h - 23. List the prime factors of a(6).
2, 3, 13
Suppose -3*h + 11022 = 3*k, k - 463 - 3199 = 3*h. List the prime factors of k.
3671
Let x = -94 - -193. Suppose -66 - x = -a. List the prime factors of a.
3, 5, 11
Suppose 0 = -18*z - 2848 + 10966. What are the prime factors of z?
11, 41
Let b(u) be the third derivative of u**6/120 - u**5/5 - u**4/6 - 11*u**3/6 + 8*u**2. List the prime factors of b(13).
2, 53
Suppose 1371 = 18*c + 237. List the prime factors of c.
3, 7
Let m = -33 - -36. Suppose 0 = m*b + 378 - 129. Let x = -46 - b. What are the prime factors of x?
37
Let v = 15089 - 10661. What are the prime factors of v?
2, 3, 41
Let f be (-1665)/6 - (-3)/(-2). Let k = -879 - f. What are the prime factors of (4/6)/((-8)/k)?
2, 5
Let d(q) = q**3 - 12*q**2 - 3. Let o be d(12). Let h(k) = -15*k - 1. What are the prime factors of h(o)?
2, 11
Let m(y) = y + 7. Let f be m(-4). Suppose s + 4 = k - f*k, 3*s = -3*k. List the prime factors of (k/10)/(9/(-540)).
2, 3
Let t = 0 - 0. Let z be (-176)/(-28) - (-2)/(-7). Suppose 2*k + z = -v + 30, t = -3*v - 3*k + 69. What are the prime factors of v?
2, 11
Let h(a) = a**2 - 80*a - 796. List the prime factors of h(-10).
2, 13
Let l(z) = 4*z**2 - 35*z + 107. List the prime factors of l(-19).
2, 277
Suppose 288672 = 28*d + 69*d. What are the prime factors of d?
2, 3, 31
Let l be 3/3 - (3 + -29). Let j be ((-9)/l)/(2/150). Let b = j - -75. List the prime factors of b.
2, 5
Let q = 207 - 120. Suppose 3*a - q = 210. List the prime factors of a.
3, 11
Let h = 12 - -6. Let u be -6*3*(-4)/h. Suppose -43 = u*o - 199. List the prime factors of o.
3, 13
Suppose 3*x = -0*x - 4*u + 473, 3*x + u = 467. Let y = 106 - x. Let w = 81 + y. List the prime factors of w.
2
Suppose 2*d + 18 = 2*y, 0*y = 5*d + y + 69. Let n be (-2)/(-13) + (-1233)/d. Let p = n + -32. What are the prime factors of p?
3, 7
Let y(u) = -2*u**3 + 40*u**2 - 27*u - 39. List the prime factors of y(18).
3, 257
What are the prime factors of (-2 - 7/(-1)) + 1084 + 2?
1091
Let w = 60 + -232. Let k = w + 325. List the prime factors of k.
3, 17
Suppose 0 = -48*k + 33*k + 55650. List the prime factors of k.
2, 5, 7, 53
Suppose -4*d + 2*w = -1371 - 411, d - 4*w - 456 = 0. List the prime factors of d.
2, 3, 37
Suppose -r - 5 = -15. Let x(o) = -o + 17. List the prime factors of x(r).
7
Suppose 7*y - 64 = 3*y. Let b = 2 + y. What are the prime factors of b?
2, 3
Suppose 3 = -3*x - 3*v, -3 - 2 = x + 3*v. Let j = -3 + 9. Suppose s - x = j. List the prime factors of s.
7
Suppose 4*l = -5*n - 10, -2*l + 2*n = 6*n + 2. List the prime factors of ((-66)/(-1))/(5 + 20/l).
2, 3, 11
Let o = 14 + -12. Suppose 0 = -o*c - 2 + 8. Suppose -112 = -5*y - 2*d + 93, 4*y - 171 = -c*d. List the prime factors of y.
3, 13
Let d(z) = 11*z**2 - 33*z - 4. What are the prime factors of d(9)?
2, 5, 59
Suppose 3*q + 2 = 146. Let k(b) = b**2 - 7*b + 12. Let w be k(5). Suppose w*c - 46 = q. List the prime factors of c.
47
Suppose 2*o + 336 = t, -t + 2*o - 6*o + 306 = 0. Let c = t + -121. What are the prime factors of c?
5, 41
Let f = -31 + 31. Suppose f = 3*x - 21 + 3. What are the prime factors of x?
2, 3
Let b(c) = -248*c - 149. List the prime factors of b(-2).
347
Suppose 8*a - 4 = 9*a. Let n(l) = 4*l**2 + 7*l + 6. List the prime factors of n(a).
2, 3, 7
Let l(g) = 186*g**2 + 7*g + 7. What are the prime factors of l(-